c(f) + 4*r(f). Suppose 9 = 4*v - 11. What is the units digit of j(v)?
3
Let j be 3/6*(-1 + -11). What is the units digit of 2 - (-2 - -4) - j?
6
Suppose -34 = -5*k - 4*m, -2*k - 3*k + 70 = -5*m. Suppose -2*x + k = -0*x. What is the units digit of x?
5
Suppose 9 = 5*r - 11. Suppose 0 = -c - r*c. Let k = 3 + c. What is the units digit of k?
3
Suppose -x + 183 = -5*c, -x - 27 = c + 2*x. Let i = 77 + c. What is the tens digit of i?
4
Let d be (-2)/(-3) - (-10)/(-6). What is the units digit of (d + 24)*(-9 + 10)?
3
Let r(x) = -8*x + 24. What is the units digit of r(-10)?
4
What is the units digit of ((-642)/(-2) - 3) + -4?
4
Let q(a) = -14*a + 1. Let d be q(1). Let g = 5 - d. What is the units digit of g?
8
Let a be 9/(-12) - (-10)/(-8). Let q = a + 7. Suppose -3*p + 0*i = -5*i - 3, q*i = -2*p + 2. What is the units digit of p?
1
Suppose 0*t = -t + 795. What is the tens digit of (6/15)/(6/t)?
5
Let j = -8 + 8. Suppose -4*v = j, -v - 152 = -4*u - 3*v. What is the units digit of u?
8
Suppose 0 = 4*n - 4, 1 = 4*y + n - 8. Suppose -5*t = 3*r - 92, 48 = y*t - 3*r + 7*r. What is the units digit of t?
6
Let t be 1/(0 - 1/(-3)). Suppose -t*k = k + 4*w - 20, -5*w = 3*k - 19. What is the units digit of k?
3
Let c = -11 - -51. What is the units digit of c?
0
Suppose -8 = -f + 2*n - 4, -4*f = -2*n - 10. What is the units digit of f + (-2)/(-4)*14?
9
Suppose -4*z = -6*z + 70. Suppose 0 = 4*c + c - z. What is the units digit of c?
7
Let h be 1*15/(6 - 3). Let r = h - 1. Suppose -2*w + 2*n = -8 - 14, 3*n = r*w - 40. What is the units digit of w?
7
Suppose 0*f - 57 = -f - 2*k, 4 = k. What is the tens digit of f?
4
Let z(u) = -u + 1. Let g(d) = 7*d - 2. Let b(j) = -g(j) - 2*z(j). Let v be b(-1). What is the tens digit of 1/(-5) + 71/v?
1
Let k = 31 - -45. What is the units digit of k?
6
Let y(d) = -d**3 + 6. Let r = 4 - 4. What is the units digit of y(r)?
6
Let f(x) = x + 1. Let s be f(0). Let t(n) = -n**3 + 3*n**2 - n. Let o be t(2). What is the units digit of o + -2 + 6*s?
6
Let z be (-1 - 2)/(6/(-4)). Suppose 14 + 22 = z*d. Suppose -14 = -5*a + 3*s + d, -32 = -3*a + 5*s. What is the units digit of a?
4
Suppose -2*t = 3*i - 3*t - 83, 2*t - 37 = -i. What is the tens digit of i?
2
Suppose -5*v + v = -4*h - 348, -5*h = -4*v + 349. What is the tens digit of 2/3 - v/(-6)?
1
Let v(d) = d**3 - 6*d**2 - 7*d + 5. Let l be v(7). Suppose h = l*h - 8. Suppose 3*r + 3*o - 29 = h*o, -3*o + 47 = 4*r. What is the units digit of r?
8
Suppose 275 = 2*g + 5*u, -3*g = -7*g - 4*u + 520. What is the tens digit of g?
2
Let u(s) = 3*s**3 - 3*s**2 - s + 2. Let m be u(2). Suppose 0*j + 4*j = m. Suppose -4*g - 2*h + 18 = 3*h, -g - 2*h + j = 0. What is the units digit of g?
7
Let s = -2 + 17. Let m = 29 - s. What is the tens digit of m?
1
Let i be 609/18 - (-2)/12. Suppose -i - 78 = -4*m. What is the units digit of m?
8
Let m = 166 + -80. What is the units digit of m?
6
What is the units digit of -1 + 35/25 - (-3504)/15?
4
Suppose -2*d + 82 = -0*d. What is the units digit of d?
1
Suppose 3*w - 259 = -g + 2*g, -4*g + 154 = 2*w. What is the tens digit of w?
8
Let p(y) = 16*y**2 + 5*y + 1. What is the hundreds digit of p(-4)?
2
Let v = -3 - -15. Let k = 41 - v. What is the units digit of k?
9
Suppose 0 = -4*k - 4, 3*k = -4*g - k + 232. What is the units digit of g?
9
Let b(c) = -4*c**2 - 13*c - 7 + 2 + 3*c**2. Let u be b(-10). Let d = 46 - u. What is the units digit of d?
1
Let z(g) = 2 - 7 - 7 + 7*g + 3. What is the tens digit of z(6)?
3
Suppose -8 = o - 0*j - 3*j, -j + 12 = 2*o. Suppose 8*q - 64 = o*q. Suppose q = 2*u - 0*u. What is the units digit of u?
8
Suppose 3*j - 39 = 5*x, -30 = 3*x - 6*j + 2*j. Suppose -4*l = 5*m - 23, 4*m + 44 = l + l. Let a = l + x. What is the units digit of a?
6
Let w(n) = -n**3 - 6*n**2 - 3*n + 6. Let v be w(-5). Let r = 10 + v. What is the units digit of r?
6
Let d be 404/24 - (-2)/12. Suppose 0 = 4*g - 7*g - 15, 0 = 5*f + 3*g - 25. Let m = d - f. What is the units digit of m?
9
Let h be (-26)/(-10) - 12/20. Suppose h*k + 3 - 5 = 0. What is the units digit of k?
1
Let n be 2 - -6 - (5 - 3). What is the tens digit of (n/15)/((-1)/(-55))?
2
Let m be (-4)/(-2) - (102 - 17). Let r = -52 - m. What is the units digit of r?
1
Let h(v) = v**3 + 17*v**2 + 16*v + 19. What is the units digit of h(-16)?
9
Suppose p + 5*f - 15 = -2, 0 = 2*f. Suppose -x + 3 + p = 0. What is the units digit of x?
6
Let g(i) be the second derivative of -i**4/12 - 3*i**3/2 - 5*i**2 - 2*i. Let f(l) = -l**3 - 9*l**2 + l + 2. Let r be f(-9). What is the units digit of g(r)?
4
Let i = 16 + -3. Suppose -5*a + 2 = -i. What is the units digit of a?
3
Let l(u) = u**3 - 3*u**2 + 5. Let d be l(4). Suppose -b = -0*t - 4*t - 28, 5*b = -3*t - d. What is the units digit of t/2*60/(-21)?
0
Suppose 0 = 5*y - 12 + 2. Suppose -y*a + 42 = a. Let v = a + -4. What is the units digit of v?
0
Suppose -n - 12 = 2*n. Let a be (3 + -4)/(2/n). Suppose -a*f - 2 + 32 = 0. What is the tens digit of f?
1
Let g(m) = -m**3 - 9*m**2 + 2*m + 4. Let q(i) = i**2. Let u(t) = -g(t) - 4*q(t). Suppose 5*s = -0*y - 3*y - 19, 5*y - 5 = -s. What is the units digit of u(s)?
6
What is the tens digit of 15/(((-85)/(-90))/17)?
7
Suppose q - 4 = -0*q. Suppose -g + q = 3*g - 4*x, -5*g - x = -23. What is the units digit of g?
4
Suppose -9 - 33 = x. Let z = 60 + x. What is the tens digit of z?
1
Let a(b) = -2*b - 8. Let y be a(-10). Suppose 0 = l + 3*l - y. Let h(i) = i**3 - i**2 - 4*i + 1. What is the units digit of h(l)?
7
Let n(h) = -29*h - 6. What is the units digit of n(-3)?
1
Let k(d) = 17*d + 5. Let m(u) = 35*u + 9. Let p(n) = 11*k(n) - 6*m(n). Let h be p(2). What is the units digit of ((-4)/(-6))/((-10)/h)?
3
Suppose -5*v - 3*l - 2 = -6, -v - l = 0. Let s be 1 + (-33)/3 - -1. Let a = v - s. What is the tens digit of a?
1
Let c = 41 + -28. Suppose i + 0*i = c. What is the tens digit of i?
1
Let b be 4/14 + 19/7. Suppose 2*z - z - b*o = 5, 3*z = 2*o + 8. What is the units digit of z?
2
Let w(q) = q**3 + 4*q + 2 + 2*q**3 + 4*q**2 - q. Let h be w(-2). Let t = h - -19. What is the units digit of t?
7
Suppose -3 = -5*v + 77. Suppose o = -o + v. What is the units digit of o?
8
Suppose 6 + 2 = 2*i. Suppose 2*n = -i + 34. What is the units digit of n?
5
Suppose 0 = -4*n + 5*k - 2*k + 28, -3*k = 3*n. Suppose n*y + 5*c - 71 = 0, y + 36 = 4*y - 2*c. What is the units digit of y?
4
What is the units digit of 0 - (1 - (-7)/(-1))?
6
Suppose 4 = 2*b - 2*t, -3*b - 4*t = -8*b + 12. Suppose 5*p + d = 75, -4*d - b = -p - 2*d. What is the tens digit of p?
1
Let g = 0 + -2. Let h = 3 + g. What is the units digit of (h - (-1 + 1))*4?
4
Let r(x) = -2*x - 3. Let d be r(-3). Let b(s) = 4 + 2*s - 2 - d*s. What is the units digit of b(-4)?
6
Let z(n) = -n + 19. Let i be z(10). What is the units digit of (-16)/(-6) + i/27?
3
Let q = 17 - 12. Let j(l) be the second derivative of l**5/20 - 5*l**4/12 + l**3/2 - 7*l**2/2 - 4*l. What is the units digit of j(q)?
8
Let t = 195 + -66. What is the tens digit of t?
2
Let p(z) = -z**3 - 17*z**2 - 4*z + 1. What is the tens digit of p(-17)?
6
Let q(p) = 2*p**3 + 2*p**2 + 1. Let r be q(-2). Let n = r + 13. What is the units digit of ((-28)/6)/((-4)/n)?
7
Let q(m) = -m**3 - m**2 - 2. Let t be q(-2). Let p be t + -3 - (3 + 0). Let g = 4 - p. What is the units digit of g?
8
Suppose p - 8 = 13. What is the units digit of p?
1
Suppose 4*s + 2*z = 166, -3*s + 3*z + 13 = -134. Let b = 62 - s. Suppose -b - 7 = -5*w. What is the units digit of w?
5
Suppose -2*o + 5*o = 33. Let t be 1*5 - (8 + -5). Let s = o - t. What is the units digit of s?
9
Let v = 27 - 24. Suppose -2*j + 94 = -2*z, 0*z - v*z = 3*j - 111. What is the units digit of j?
2
Suppose 5*l + 15*s - 581 = 11*s, -4 = -s. What is the hundreds digit of l?
1
Let n = 6 + -2. Suppose -n*k + 3 = -k. What is the tens digit of -1 + 1 - (-10)/k?
1
Suppose 0 = 5*n + 2*h - 20, -n = h - 2*h - 4. Suppose -39 - 5 = -n*d. What is the units digit of d?
1
Suppose -m - 4 - 1 = -2*n, -3*m + 30 = 3*n. Suppose -m*g + 2*g = -45. What is the tens digit of g?
1
Let n be 2/((-4)/4*-1). Suppose -68 = -n*v - 2*v. What is the units digit of v?
7
Suppose 4 = -2*x + 48. What is the units digit of x?
2
Let p = -32 - -62. What is the units digit of p?
0
Suppose -5*d = -x - 13, 0*x + 4*x - 20 = -4*d. Suppo